- 2. Is h(p) a composite number?
True
Suppose 3*y - 22 = -10, -s = -4*y - 7333. Is s a composite number?
False
Suppose 0 = l - 6, 11*l - 25893 = -3*s + 19410. Is s prime?
False
Let h = 191409 - -69982. Is h composite?
True
Let x = 16888 - 8443. Let v = x + -1376. Suppose -16570 = -7*p + v. Is p a composite number?
True
Let q(d) = 1 - 5 + 14 - 63*d + 15. Let i be q(-10). Let j = i - 436. Is j a prime number?
False
Let g(m) = m**3 + 24*m**2 - 27*m - 60. Let h be g(-25). Is 11850/(-9)*15/h - -2 a composite number?
True
Is 436/(-7194) - 1*27274244/(-132) prime?
True
Let j(l) = 2*l**3 - 31*l**2 + 27*l + 28. Let i be j(23). Suppose -3*h - 4*t = -28995 - i, 3*t + 12509 = h. Is h prime?
False
Suppose -155*r = -125*r - 73*r + 30562594. Is r prime?
False
Let d = 617 + 2128. Let y = d + -1486. Is y composite?
False
Suppose 4*q - 3*n - 70101 = -21110, 12246 = q + n. Is q prime?
False
Suppose -2*u + 38*m = 32*m - 992116, 3*m - 992125 = -2*u. Is u a prime number?
False
Let a = 2199 + 5414. Is a a composite number?
True
Let c(y) = -105*y**3 + 18*y**2 - 60*y + 31. Is c(-16) composite?
False
Suppose 0 = 132*y - 7290380 - 13637692. Is y a composite number?
True
Let i(a) = 2*a**2 + 25*a - 21. Let t be 2/4*880/(-20). Is i(t) composite?
False
Suppose -7*i + 40 = -30. Suppose -i*o + 698 = -9*o. Let s = o - 69. Is s prime?
False
Let z = 558958 + -60929. Is z prime?
False
Let n(h) = 12*h**3 - h**2 - 8*h + 11. Suppose 16*u - 17*u = -4. Is n(u) composite?
True
Let a = -65553 - -182590. Is a a prime number?
True
Let p = -326 - -309. Let a(i) = i**3 + 20*i**2 + 39*i - 13. Is a(p) a prime number?
True
Suppose 4*u + 36 = 0, 601396 = 4*m - 3*u - 716307. Is m composite?
False
Let y(v) be the third derivative of -v**6/120 - 7*v**5/30 - 9*v**4/8 + 3*v**3/2 - 2*v**2 + 2. Is y(-13) composite?
False
Suppose 13*a = 9*a. Suppose a = -5*l + 3*l + 12. Is -1 + l/10 - 6522/(-30) composite?
True
Suppose -269447 = 22*c - 297964 - 1015449. Is c a composite number?
True
Let n = 175121 - 106870. Is n prime?
False
Let i be (-1 - -1) + 21 + -16. Let f(p) = p. Let o be f(i). Suppose 2*s = 5*j + 1275, o*j = s - 0*s - 640. Is s composite?
True
Let d(v) = -6*v**2 - 7 - 18*v**2 + 4*v**3 - 2 - 61*v - v**3 - 2*v**3. Is d(31) composite?
True
Let m(h) = -h**2 + 15*h + 36. Let w be m(17). Suppose 0 = -10*x + w + 18. Suppose 5*a = 4*g + 1531, 305 = -a + x*a - 2*g. Is a a composite number?
False
Let o be 6*((-29827)/(-42) - 3). Suppose 4*s - p - o = -2*p, -p = 5*s - 5304. Is s a prime number?
True
Let v be (35/14 + -6)*(3648 + -2). Let z = -6990 - v. Is z a prime number?
False
Suppose 216*m + 233*m = 20631549 + 638030. Is m prime?
False
Suppose 14*a = 9*a + 15. Suppose -4*r - 4*m + 116 = 0, 2*r - a*m = r + 9. Is 2180 + (40/r - 4/6) a composite number?
True
Suppose 223*m = 225*m + 3*v - 150365, 2*v = -2*m + 150364. Is m prime?
True
Suppose 5*g - 11373 + 1823 = 0. Suppose 0 = w - 1981 - g. Is w a prime number?
False
Suppose 25754*r - 5377390 = 25744*r. Is r a prime number?
True
Let a(n) = 10254*n**2 - n. Suppose 3*b = 4*w + 8*b - 1, -b = -2*w - 3. Let h be a(w). Suppose 5*j - h = -0*j. Is j a composite number?
True
Let x(j) = 176*j - 21. Let g be 10/14 - (-13 - (-1246)/98). Is x(g) prime?
False
Let t(w) = 65763*w**2 - 930*w - 1865. Is t(-2) a composite number?
False
Let y be 8/28 - 165/(-35). Suppose y*w = -15, 0 = 3*a + 3*w - 7*w - 24. Suppose -5*b - 1038 = -a*t, -4*t + 3*b - 251 = -5*t. Is t a prime number?
True
Let p be ((-5)/(-10))/1 - 1/2. Let y(a) = -4*a - 581. Let r(f) = -f. Let i(z) = 5*r(z) - y(z). Is i(p) prime?
False
Let j be (-5 + 5 + 1)*0. Suppose j = 62*c - 66*c + 15956. Is c a prime number?
True
Let y = 21 - 17. Suppose -4*j = -y*o - 1540, j = -o + 77 - 452. Is o/(-30) - (-5)/(-3) a composite number?
False
Let v = -418271 - -711342. Is v a prime number?
True
Let w = 125352 - 53825. Is w a prime number?
True
Is 1 - -11*4198 - 224/28 a prime number?
True
Suppose 22 + 2 = 8*b. Let i(x) = -32*x**2 + 4. Let s be i(b). Let q = s + 441. Is q prime?
True
Let v = 15139 + 49261. Let r = v - 23453. Is r a composite number?
True
Let o(w) = -w - 4. Let h be o(-5). Suppose 21*m + 75676 = -387626. Is -1*h/4 - m/24 a prime number?
True
Suppose 0 = -4*r - 4*y + 674104, 130 = y + 127. Is r prime?
True
Let h(g) = 0*g - 9 + 92*g**2 + 8*g - 48*g**2. Is h(7) composite?
False
Let n(t) = t + 41*t**2 - 22*t**2 - 9*t - 9 + 53. Is n(7) composite?
False
Suppose -4 = -2*f, -4*f + 12626 = 7*b - 4*b. Suppose 0 = -3*i - 0*i + b. Is i a prime number?
False
Let t(u) be the third derivative of u**5/20 - 5*u**4/6 + 11*u**3/6 + 86*u**2. Suppose -2 = -3*p + 1, -5*f = 4*p + 56. Is t(f) a prime number?
True
Suppose -174*n + 2*d - 299380 = -176*n, 0 = n + 2*d - 149691. Is n a prime number?
True
Let f be (15 - 13 - (2 - 1))*13. Suppose f*o = -10*o + 38111. Is o a prime number?
True
Is -111926*((-810)/(-36))/(-45) composite?
True
Suppose 16*o + 22*o + 2097987 = 8465609. Is o prime?
False
Suppose 0 = -5*m - n + 90592, -4*m + 19*n - 14*n + 72491 = 0. Is m a prime number?
True
Suppose -3337 = -j + t, -3*j + 5198 = 2*t - 4828. Suppose 27*q = j + 259289. Is q composite?
True
Let c(s) = 3*s**3 + 3*s**2 - s + 13. Let w = -59 - -74. Suppose 0 = -2*m + w - 9. Is c(m) composite?
True
Suppose -9*m = 3*m - 188784. Suppose 5*c = -5*x + 78740, c + 4*c - m = -x. Suppose x = 4*a + 4*t, -3*a + 19730 = 2*a - 3*t. Is a composite?
False
Suppose 4819 = 4*o - 8333. Let c be 1*(4 + o)*(-1)/(-2). Suppose -5*s - 5*f + 1680 = 40, 5*s + 3*f - c = 0. Is s prime?
True
Is 219319 - (16 - 64/16) composite?
True
Let q = 49 + -44. Let h(c) = 2*c**2 - 8*c - 5. Let o be h(q). Suppose 1693 = o*b + 3*z, 2*b + 5*z = -b + 1003. Is b composite?
True
Let d be (0 - (3 + -2))*37495/5. Let t = -3948 - d. Is t composite?
True
Let w be (-1412053)/(-11) + (-12)/(-22) - 4. Suppose 7*j + 48327 = w. Is j composite?
True
Suppose 15*b + 2*t - 331484 = 13*b, 5*b + 4*t = 828717. Is b prime?
True
Let o = 3179 - 1780. Is o prime?
True
Suppose 4*s + f = 29, -s + 7 = f + 2. Suppose 4*o - 12 = 0, 3*l + 2*o = s*l - 19. Suppose 0 = -5*u + l*i + 7000, -871 = -u + 2*i + 530. Is u composite?
False
Let s(u) = 3*u**2 - 7*u - 2. Let b be s(-6). Let v be 1645/(-28) - 1/4. Let x = b + v. Is x a composite number?
False
Let r(c) = 5*c**2 - 39*c + 1. Let t be r(8). Suppose 5*i - 15 = 0, -5*b + 19939 = -t*i + 7*i. Is b composite?
False
Suppose -424*p + 414*p + 8154310 = 0. Is p a composite number?
False
Let c = 73 - 70. Suppose 4*m + c*y = -0*y + 6643, 3*m = -y + 4986. Suppose 0*n - 4*a - m = -5*n, -2*n + 3*a = -668. Is n a prime number?
True
Suppose 4*a + 0*a = -2*v + 44098, 4*a + 5*v = 44083. Is a a composite number?
False
Suppose -p - 2*o + 3373 = 0, 5*p = 12*o - 15*o + 16907. Is p a prime number?
False
Let r(f) = 766*f + 9. Suppose 0 = -79*v + 78*v + 2. Let x be r(v). Suppose -2*s = -3*g - x, 0*s + s - 767 = -2*g. Is s composite?
False
Suppose 3*l - 415 = 122. Let m be 1/((-12 - -5) + 5) - (-1986)/4. Let f = m - l. Is f composite?
False
Suppose -9*w + 60512 = -5*w + 2*g, -75645 = -5*w - 5*g. Is w prime?
False
Let l be (6 + -106)*(-44)/2. Suppose 6*k = 1364 + l. Suppose k = 3*q - 3*t - 189, 5*t = -5*q + 1265. Is q prime?
True
Let b = -342 - -2116. Let v = -2724 + 1563. Let j = b + v. Is j composite?
False
Suppose -3*a - 51 = -m - 2*m, 3*m - 15 = a. Is -24022*((-15)/54 - (-4)/a) a composite number?
False
Suppose -350*z = -355*z + 2201135. Is z a composite number?
False
Suppose 2907*f + 570394 = a + 2912*f, 5*a - 2851774 = 3*f. Is a prime?
True
Let v = 42068 + -22562. Suppose 5*i = 11*i - v. Is i a composite number?
False
Let n(c) = -8*c**3 + c**2 + 24*c + 22. Let j be n(-10). Suppose -2*s = 3*t - 11823, 2*t - 42*s - j = -47*s. Is t a composite number?
True
Suppose o - 4*v - 8 = 0, 4*o + 13*v = 16*v + 6. Suppose o = -249*g + 246*g + 909. Is g a prime number?
False
Suppose -68*d + 63*d = -290015. Is d a prime number?
False
Suppose -4*m + 3*m = f - 1999, -3*f - 5*m + 6007 = 0. Suppose 0*v - f = -2*v. Is v a prime number?
True
Suppose -49163*p - 1028505 = -49178*p. Is p prime?
True
Let h(x) = 3109656*x**3 + 2*x**2 - 27*x + 26. Is h(1) a composite number?
True
Let d be ((-20)/3)/(6/(-9)). Let h(b) = b**2 - 2*b + 3. Is h(d) prime?
True
Suppose 5*w + 162 = -68. Let j = w - 34. Let n = 35 - j. Is n a compos